2))?
2
Suppose 0 = -s - 3*s + 8. Let x(w) = -7*w + 7*w**s + 5 - w**3 + w + 0*w. What are the prime factors of x(6)?
5
Suppose 136 - 46 = 5*g. Let k be 12/g*33/2. Let s = 18 - k. List the prime factors of s.
7
Suppose 4*u = -1 - 19, -3*u = -2*s + 51. Suppose -3*m + 10 = -o - 17, 0 = -2*m - 4*o + s. Let t = m - -1. What are the prime factors of t?
2, 5
Let y(l) = l**2 - 4*l - 3. Let d be y(3). List the prime factors of (d/9)/(2/(-6)).
2
Suppose 0 = 5*a - 6 - 14. Let f be a/3*18/12. Suppose -6*l + f*l = -32. What are the prime factors of l?
2
Let i be 3*((-13)/3 + 3). Let v = 1 - i. What are the prime factors of v?
5
Suppose u = 4*v + 63, -2*v + 96 + 175 = 5*u. List the prime factors of u.
5, 11
Suppose 0*g - 60 = 4*g. Suppose 3*q + 0*q = -81. Let j = g - q. What are the prime factors of j?
2, 3
Let l(z) = z + 3. Let o be l(-7). List the prime factors of (-15)/(-4) - 1/o.
2
Let s = -16 - -25. List the prime factors of s.
3
Suppose 15 = 5*d, 9 = -j + d + 2*d. Suppose 4*h = c - 8, -2*c + j*c + 60 = 3*h. What are the prime factors of c?
2, 3
Let u(f) = -f**3 + 6*f**2 - 7*f + 4. Let s be u(5). Let c(n) = 21 - 23 - 2*n + 2*n**2 + 4*n**2 + n**3. What are the prime factors of c(s)?
2, 5
Let b(g) = g + 6 + 0*g - 2. Let k be b(4). Suppose m + 1 = k. List the prime factors of m.
7
What are the prime factors of 48 - 4/(8/(-6))?
3, 17
Suppose 6*v - v = 0. Suppose 0 = 3*z + 2*c - 3, -5*z - 2*c + 1 = v. What are the prime factors of (-17)/(-2 - z) - 1?
2
Let p = 1 - -1. Let n be p/(-6) - (-34)/3. Let s = n + -6. What are the prime factors of s?
5
Suppose -589 = -3*r + 23. Suppose -3*m + 3*n + 105 = 0, 2*n - 60 + r = 4*m. What are the prime factors of m?
37
Suppose -48 = -b + 28. List the prime factors of b.
2, 19
Let k(q) = q**3 + 4*q**2 - 11*q - 2. Let p be k(-6). List the prime factors of 4/(-1) - (p + -3).
7
Suppose -5*m - 48 + 132 = 2*y, -4*y = -2*m - 144. Suppose -z = -3*t - y + 7, -90 = -3*z + 3*t. What are the prime factors of z?
2, 3, 5
Let g(d) = -6 - 7*d + 2 + 4*d + d**3 - 5*d**2. List the prime factors of g(6).
2, 7
Let x(d) = d**2 + 6*d - 5. Let k(c) = c**2 + 5*c - 3. Let i be k(-4). What are the prime factors of x(i)?
2
Let y(b) = -7*b. What are the prime factors of y(-5)?
5, 7
What are the prime factors of 62/1 - (-16)/8?
2
Let b = -591 + 844. What are the prime factors of b?
11, 23
Let o(q) = q**3 - 5*q**2 - 6*q + 6. Let f be o(6). Let w = f - -8. List the prime factors of w.
2, 7
Let g(b) = -2*b**3 - 4*b**2 - 6*b - 5. Let r(u) = -3*u**3 - 4*u**2 - 6*u - 6. Let a(o) = -4*g(o) + 3*r(o). What are the prime factors of a(5)?
7
Let j = 15 - -43. Suppose 3*y - j = y. List the prime factors of y.
29
Suppose 0 = 4*m - 107 - 101. What are the prime factors of m?
2, 13
Suppose -16*z + 13*z + 123 = 0. What are the prime factors of z?
41
List the prime factors of ((-256)/20)/(2/(-5)).
2
Suppose -3*u = 4*z - 368, 244 = u + u + 3*z. What are the prime factors of u?
2
Let d be 1 - 2 - (-10)/5. Let r(l) = 11*l**2 - 1. List the prime factors of r(d).
2, 5
Suppose 3*q - 18 = -3*f, q + 8 = -3*q. What are the prime factors of f?
2
Suppose 4*o - 75 = -5*j, 0*j - j + o + 24 = 0. What are the prime factors of j?
19
Let u(b) = -3*b**3 + 2*b**2 + 7*b. What are the prime factors of u(-4)?
2, 7
Let g = 41 - 28. Let a = 4 - g. List the prime factors of 2/(-3)*a + 1.
7
Let d be (0/(-2))/(3 + -4). Suppose d = y + 3 + 1. Let j(s) = -3*s - 5. What are the prime factors of j(y)?
7
Let m(d) = 2 + 26*d - 2 - 3. Let i be m(2). Let w = i + -35. What are the prime factors of w?
2, 7
Let b(f) = -2*f**2 - 45*f - 28. List the prime factors of b(-20).
2, 3
Suppose -z = 9*z - 710. What are the prime factors of z?
71
Suppose 0*o - o = 1. Let g be (-5 - -6) + -3 + o. Let y = g + 7. List the prime factors of y.
2
Let h(b) = -b**2 - 12*b + 11. Let z = -2 + 6. Let v(t) = -2*t**2 + 4*t + 4. Let m be v(z). What are the prime factors of h(m)?
11
Let f = -99 - -147. What are the prime factors of f?
2, 3
Let c(f) = f**2 - f + 2. List the prime factors of c(-7).
2, 29
Suppose 4*o = 12 + 12. Suppose 0 = -4*z + 2 + o. List the prime factors of z.
2
Suppose 4*l - 11 = -3. What are the prime factors of l?
2
Let g be 2/4*0/1. Suppose d - 24 + 6 = g. Let q = d + -11. What are the prime factors of q?
7
Let y = 11 - 9. Let q(t) = 4*t**2 - 3. List the prime factors of q(y).
13
Suppose 0*a = -5*b - 2*a + 431, 4*a + 243 = 3*b. What are the prime factors of b?
5, 17
Let v(x) be the first derivative of -x**3/3 - 5*x**2/2 - 3*x + 3. Let l(b) be the first derivative of v(b). List the prime factors of l(-5).
5
Suppose -4*t = -i - 265, -5*t = -i - i - 335. Suppose 0*y = 5*y + t. Let m = -4 - y. List the prime factors of m.
3
Suppose b = 3 - 1. Let n be (13 + b)*1/3. List the prime factors of ((-12)/5)/((-2)/n).
2, 3
Let t(g) be the first derivative of g**4/4 + 4*g**3/3 + g**2/2 - g - 1. Let z be t(-3). Suppose -2 = q - z. What are the prime factors of q?
3
List the prime factors of (-5)/((-260)/1084) - 4/(-26).
3, 7
Let l be 4/(-16) + (-74)/(-8). Let o = -23 + l. Let b = 25 + o. List the prime factors of b.
11
Suppose 0 = -j + 4*j. Suppose 2*s - 5*s + 6 = 4*u, 4*u = j. Let n(v) = v**3 + v**2 - 2*v + 1. What are the prime factors of n(s)?
3
Suppose 2*g = 3*t + 1 + 44, -4*t - 83 = 5*g. Let m = -6 - t. What are the prime factors of m?
11
Suppose -4*v - 15 = 3*b, v + 8*b - 3*b = -25. Suppose -o + 5*o - 16 = v. Suppose o*h + 2*g - 13 = h, -3*h + 37 = -4*g. List the prime factors of h.
7
Let p be (-8)/(-20) + (-6)/(-10). List the prime factors of 1/p*3 - -12.
3, 5
Let d(o) = -5*o - 7. Let k(u) = -7 - 6*u + 15*u + 20. Let l(j) = 11*d(j) + 6*k(j). List the prime factors of l(-5).
2, 3
Suppose 5*b - 2*b = 2*o - 32, -4*b - o = 39. Let i be b/15 + 32/3. List the prime factors of i/1 + 2/1.
2, 3
Suppose 5 = 5*j + 30, -867 = -4*c + 3*j. What are the prime factors of c?
3, 71
Let b be (-10)/(-4)*(-16)/(-10). Suppose 5*f - 4*f - b = 0. Suppose -100 = -h - f*h. What are the prime factors of h?
2, 5
Let s be 1668/20 - 2/5. Let x = s + -36. List the prime factors of x.
47
Let v = -86 - -207. What are the prime factors of v?
11
Let g = 22 + -15. List the prime factors of 3/g - (-3000)/105.
29
Suppose 12 = 3*w - 3*a, -4*w + 2*a + 13 + 5 = 0. Let g be 2/7 - 108/(-14). Suppose 2 = 3*h - l - g, -w = -h + 2*l. What are the prime factors of h?
3
Let i(y) = -6*y - 1. Suppose -10 = r - 2*q, 0 = 2*r - 3*r - 4*q + 8. Let j be i(r). Suppose -7 = 2*h - j. What are the prime factors of h?
2
Let h(o) be the first derivative of -o**2 + 4*o + 2. Let z be h(8). Let i = z + 19. List the prime factors of i.
7
Let m = 155 + -49. Suppose -w = 5*c - m, 2*c = 4*c - w - 48. Suppose 2*b - c = -2*l + l, -5*b + 25 = 0. List the prime factors of l.
2, 3
Suppose -4*v = 3*i - 8, i - v = 2*v - 6. Suppose i = 3*g - 8 - 1. Suppose -g*x + 6*x = 45. List the prime factors of x.
3, 5
Let z = -5 - -7. Suppose 5*s + 15 = -5*q, z*s = s + 2*q + 6. List the prime factors of (s + 2)*5/2.
5
List the prime factors of (-761)/(-11) + 4/(-22).
3, 23
Let s = 1 + 1. Suppose -4*x + j = -36, -x = -s*j + 3*j - 14. List the prime factors of x.
2, 5
Let d(z) = 16*z**2 - 2*z + 1. Let b(v) = 32*v**2 - 4*v + 2. Let p(g) = -3*b(g) + 7*d(g). Let t = 7 + -6. List the prime factors of p(t).
3, 5
Let j(y) be the second derivative of -y**5/20 + y**4/12 + 7*y**2/2 - y. What are the prime factors of j(0)?
7
Let u = 45 + 229. What are the prime factors of u?
2, 137
Suppose 0 = 3*v - 31 + 4. List the prime factors of v.
3
Let c(q) = q**3 + 6*q**2 - 6*q - 9. What are the prime factors of c(-6)?
3
Let t = 24 - -21. What are the prime factors of t?
3, 5
Let h(i) = -i**2 - 10*i - 7. Let y be h(-9). Suppose 5*j - 104 = 4*t, -y*j + 4*t = 3*t - 44. Suppose 5*d - j = -4. What are the prime factors of d?
2
Let u(j) = j + 10. Let k be u(-5). Let a(v) = -v**3 + 6*v**2 + 4. List the prime factors of a(k).
29
Suppose i = -5*p + 5*i - 8, -p - 3*i + 6 = 0. Suppose -v + 3*d = -15 - 18, -2*v + 3*d + 54 = p. List the prime factors of v.
3, 7
Suppose i - 2*i + 39 = 5*b, -4*i - 3*b = -190. What are the prime factors of i?
7
Let k(j) = -j + 10. Let u be k(8). Suppose m - 18 = -u*m. What are the prime factors of m?
2, 3
Let p be 3 + -2 - 0 - -4. Suppose -p*o = 11 + 24. Let w = 14 + o. List the prime factors of w.
7
